*u - 2333. Determine o(11).
252
Let u(z) = -2*z**3 + 13*z**2 - 29*z + 74. Give u(5).
4
Let k(d) = d**2 - 66*d + 590. What is k(19)?
-303
Let r(f) = 6*f**2 + 41*f + 14. Calculate r(-6).
-16
Let u(f) = f**3 + 42*f**2 + 361*f - 1683. Calculate u(-24).
21
Let g(w) = -66*w**2 - 18*w + 7. Calculate g(0).
7
Let y(z) = 12*z + 204. What is y(-16)?
12
Let y(p) = -16*p**3 + 6*p**2 - 4*p + 5. Calculate y(1).
-9
Let p(x) = -x + 182. What is p(-10)?
192
Let b(o) = -17*o**2 + 133*o + 3. What is b(9)?
-177
Let g(c) = -10*c - 264. Calculate g(-37).
106
Let x(r) = 7*r**3 - 5*r**2 + r + 5. What is x(-1)?
-8
Let o(u) = -u**3 + 6*u**2 - 7*u + 22. Determine o(-6).
496
Let v(o) = 52*o**2 - 33*o - 89. Give v(-3).
478
Let k(d) = -2485*d - 2487. Give k(-1).
-2
Let v(w) = -2*w**3 + 2*w**2 + 33*w + 33. Calculate v(5).
-2
Let q(o) = o**3 - 3*o**2 + 19*o - 92. Determine q(4).
0
Let i(a) = -3*a**2 + 215*a - 3529. Calculate i(46).
13
Let m(v) = 6*v**3 + 5*v**2 - 3*v + 18. What is m(-5)?
-592
Let u(r) = 82*r - 314. What is u(4)?
14
Let t(b) = 118*b - 13. What is t(1)?
105
Let f(v) = -v**2 - 60*v - 940. Calculate f(-28).
-44
Let p(r) = 826*r + 6598. What is p(-8)?
-10
Let c(n) = n**2 + 53*n - 1236. Determine c(-72).
132
Let n(j) = j**2 - 26*j + 103. Calculate n(23).
34
Let t(d) = -d**2 + 16*d - 146. What is t(8)?
-82
Let f(a) = -21*a + 437. Calculate f(20).
17
Let w(q) = -26*q**2 - 6*q + 2. Calculate w(2).
-114
Let d(f) = f**3 - 2*f**2 - 39*f + 2. Calculate d(-4).
62
Let s(f) = 3*f**2 + 129*f + 906. Calculate s(-34).
-12
Let u(d) = 53*d**2 - 55*d - 157. Give u(-3).
485
Let t(x) = 4*x**2 + 410*x + 319. Calculate t(-102).
115
Let c(x) = 6*x**2 + 90*x - 42. What is c(-17)?
162
Let n(a) = 2*a**3 + 38*a**2 - 38*a + 47. What is n(-20)?
7
Let j(x) = 3*x**3 + 12*x**2 + 18*x + 76. Determine j(-4).
4
Let q(o) = 2297*o + 11482. Give q(-5).
-3
Let q(f) = -64*f - 1905. Calculate q(-26).
-241
Let k(d) = -d**3 + 24*d - 50. Calculate k(4).
-18
Let g(b) = b**2 + b - 36. Determine g(-5).
-16
Let s(y) = -143*y + 2854. Determine s(20).
-6
Let c(o) = 71*o - 13840. Give c(195).
5
Let a(i) = -i**3 - 63*i**2 + 61*i - 191. What is a(-64)?
1
Let r(o) = o**2 - 31*o - 90. Calculate r(24).
-258
Let j(g) = 94*g + 3441. Give j(-37).
-37
Let u(f) = -3*f**2 - 73*f + 313. What is u(4)?
-27
Let v(f) = 112*f - 2. Determine v(0).
-2
Let x(i) = 2*i**2 + 73*i + 590. Calculate x(-12).
2
Let y(h) = 87*h - 1919. Give y(18).
-353
Let n(d) = -54*d - 400. What is n(-6)?
-76
Let h(s) = s**2 - 12*s - 61. Determine h(16).
3
Let y(w) = -113*w - 24748. Calculate y(-219).
-1
Let b(g) = 2*g**3 + 9*g**2 + 19*g + 18. Determine b(-2).
0
Let r(p) = -82*p - 4177. Calculate r(-51).
5
Let q(m) = 21*m**2 - 13*m - 24. What is q(-3)?
204
Let g(w) = 22*w - 445. Calculate g(20).
-5
Let i(n) = -237*n - 2313. Give i(-11).
294
Let z(g) = -2*g - 23. What is z(27)?
-77
Let x(o) = o**3 + 203*o**2 - 2136*o + 50. Determine x(10).
-10
Let s(h) = h**3 + 7*h**2 - 79*h - 140. What is s(7)?
-7
Let n(c) = 64*c + 2467. What is n(-38)?
35
Let n(x) = 15*x - 591. Calculate n(62).
339
Let r(k) = -k**3 + 24*k**2 - 21*k + 28. Determine r(23).
74
Let n(p) = 5*p**2 - 14*p + 28. Determine n(-3).
115
Let y(j) = -5*j**2 - 64*j - 10. Determine y(-7).
193
Let z(w) = w**3 - 56*w**2 - 439*w - 119. Determine z(63).
7
Let v(l) = -l**3 - 28*l**2 + 28*l + 12. Determine v(-29).
41
Let l(f) = 6*f**2 + 1147*f + 2294. What is l(-2)?
24
Let m(n) = -n**3 - 7*n**2 + 15*n + 19. Give m(-9).
46
Let q(x) = -101*x + 84. Give q(4).
-320
Let b(h) = -33*h + 751. Determine b(24).
-41
Let o(c) = -19*c**3 + 510*c**2 + 83*c - 62. Calculate o(27).
-8
Let r(f) = 2*f**2 - 49*f - 2471. Give r(-25).
4
Let i(k) = 13*k - 123. Calculate i(5).
-58
Let t(y) = -87*y**2 - 103*y - 304. Determine t(-3).
-778
Let i(o) = -973*o + 979. What is i(1)?
6
Let k(x) = 30*x**2 + 149*x + 11. Calculate k(-5).
16
Let r(x) = -3*x**3 + 102*x**2 - 115*x + 562. Calculate r(33).
34
Let k(w) = -35*w - 1487. Determine k(-42).
-17
Let v(m) = -m**3 + 78*m**2 - 80*m + 242. Calculate v(77).
11
Let s(k) = 4*k**3 + 2*k**2 + 8*k + 14. Calculate s(-4).
-242
Let c(m) = 42*m**2 - 67*m - 184. Calculate c(-3).
395
Let o(z) = 32*z**2 - 27*z + 59. Determine o(2).
133
Let g(v) = -2*v**3 - 31*v**2 - 69*v - 11. What is g(-13)?
41
Let c(u) = 11*u**2 + 68*u + 169. Calculate c(-5).
104
Let v(n) = 56*n - 1730. What is v(30)?
-50
Let s(i) = -2*i**3 - 21*i**2 - 5*i - 38. Calculate s(-12).
454
Let y(p) = p**2 + 52*p - 748. Give y(11).
-55
Let x(u) = u**3 - 14*u**2 + 62*u - 114. What is x(2)?
-38
Let b(u) = -3*u**2 + 788*u + 2370. Determine b(-3).
-21
Let z(o) = 2*o**3 - 141*o**2 + 110*o - 2689. What is z(70)?
111
Let t(j) = -j**2 - 29*j + 276. Give t(8).
-20
Let w(c) = -10*c**2 + 3*c + 2. Determine w(2).
-32
Let d(x) = x**2 + 43*x + 382. Calculate d(-18).
-68
Let s(n) = -56*n - 1000. What is s(-18)?
8
Let h(x) = -4*x**3 + 2*x**2 + 29*x + 2. Calculate h(4).
-106
Let p(u) = -57*u + 3937. Calculate p(69).
4
Let u(y) = -y**2 - 56*y - 765. Determine u(-24).
3
Let g(z) = -1577*z + 1573. Calculate g(1).
-4
Let p(f) = 66*f + 862. Give p(-13).
4
Let x(o) = o**2 + 16*o - 50. Calculate x(-18).
-14
Let t(v) = v**2 - 15*v + 8. Determine t(9).
-46
Let f(q) = 183*q - 24. What is f(-1)?
-207
Let l(r) = -5*r**2 + 69*r - 280. Give l(4).
-84
Let p(j) = -2*j**3 - 60*j**2 + 620*j - 99. Give p(8).
-3
Let x(j) = -j**3 + 61*j**2 - 471*j + 150. Determine x(52).
-6
Let n(i) = 31*i**2 + 127*i - 9. Determine n(-6).
345
Let y(d) = -124*d - 1353. Determine y(-13).
259
Let j(w) = 126*w**3 - w**2 + w + 1. What is j(-1)?
-127
Let f(r) = -39*r + 749. What is f(19)?
8
Let p(d) = -2*d**3 + 18*d**2 - 23*d - 8. Determine p(7).
27
Let v(w) = w**2 + 18*w - 9. Calculate v(-13).
-74
Let v(p) = -3*p**3 + 29*p**2 - 40*p + 194. Give v(9).
-4
Let n(k) = 62*k + 72. Give n(-3).
-114
Let j(r) = -r**3 - 3*r**2 - 2*r - 7. What is j(-3)?
-1
Let j(i) = i**2 + 17*i + 54. Determine j(-19).
92
Let b(n) = -286*n - 5719. Calculate b(-20).
1
Let u(t) = t + 69. Calculate u(-65).
4
Let h(p) = p**3 + 16*p**2 - 16*p - 60. Determine h(-16).
196
Let u(q) = 29*q - 285. Determine u(10).
5
Let d(g) = -g**3 + 27*g**2 - 97*g - 332. Give d(22).
-46
Let u(c) = 8*c**2 + 301*c - 119. Determine u(-38).
-5
Let u(v) = 47*v + 199. Give u(-4).
11
Let f(j) = 2*j**2 + 142*j - 2675. Determine f(-87).
109
Let c(u) = 51*u - 739. What is c(17)?
128
Let m(u) = -430*u + 1313. What is m(3)?
23
Let d(h) = -h**3 - 28*h**2 + 17*h + 470. Determine d(-28).
-6
Let j(o) = 4*o**2 - 28*o - 1030. What is j(-13)?
10
Let z(i) = -2507*i - 37592. Give z(-15).
13
Let y(s) = 2*s**3 - 177*s**2 - 87*s - 201. Calculate y(89).
-23
Let a(n) = 2*n**2 - 28*n + 123. Determine a(6).
27
Let w(k) = -32*k - 3143. What is w(-99)?
25
Let d(s) = -4*s + 94. Determine d(36).
-50
Let c(l) = -3*l**3 + 35*l**2 - 90*l - 4. What is c(7)?
52
Let k(i) = -i**3 + 24*i**2 + 32*i - 1258. Calculate k(23).
7
Let l(x) = -2*x**2 - 50*x + 145. What is l(3)?
-23
Let h(i) = -i**3 + 4*i**2 + 28*i + 26. Determine h(6).
122
Let y(z) = 20*z - 588. Calculate y(29).
-8
Let a(u) = -39*u**2 + 316*u - 33. Give a(8).
-1
Let f(m) = -9*m - 108. What is f(-13)?
9
Let d(k) = -22*k**2 + 56*k + 55. Calculate d(-1).
-23
Let y(b) = -191*b**2 + 2*b + 3. Give y(-1).
-190
Let f(i) = -33*i + 1524. Determine f(43).
105
Let o(b) = 7*b**2 + 63*b + 367. Give o(-6).
241
Let x(b) = -1159*b - 1166. Calculate x(-1).
-7
Let y(s) = 4*s**2 + 4*s - 22. Determine y(-4).
26
Let t(i) = -86*i**2 + 1019*i + 169. What is t(12)?
13
Let c(w) = 143*w - 2155. Determine c(15).
-10
Let a(g) = -g**3 + 22*g**2 - 82*g + 4. Determine a(5).
19
Let f(r) = 10*r**3 - 35*r**2 + 13*r + 2. What is f(3)?
-4
Let x(b) = b**3 - 3*b**2 + 8*b + 76. Determine x(0).
76
Let q(x) = -82*x + 388. What is q(5)?
-22
Let o(m) = m**3 - 218*m**2 - 901*m - 48. What is o(-4)?
4
Let w(f) = -f**3 + 15*f**2 - 37*f - 9. Calculate w(12).
-21
Let v(p) = 11*p**3 - 163*p**2 - 30*p + 7. What is v(15)?
7
Let v(x) = -x**2 + 4*x + 125. What is v(-9)?
8
Let p(d) = 446*d + 4449. Determine p(-10).
-11
Let f(z) = -95*z**3 - 2*z**2 - 3*z + 4. Determine f(1).
-96
Let v(y) = y**3 - 213*y**2 - 1095*y + 1089. Determine v(218).
-1
Let n(t) = t**2 - 77*t + 1348. What is n(50)?
-2
Let n(m) = 317*m + 8252. What is n(-26)?
10
Let j(o) = -o**2 - 155*o + 6200. Determine j(-188).
-4